2 + 1 + 33.
35
Evaluate -49 - (33 + -97 + -39).
54
What is (45 - 23 - -27) + 37 + -1?
85
Evaluate -19 - (-35 + 49) - (4 + 2).
-39
What is 4 + (-1 - 79 - (33 + -72 - -34) - -2)?
-69
What is -37 + 24 + -4 + (-34 - (-4 + 5))?
-52
What is the value of -62 - (10 + 42 + -17 + -41)?
-56
What is 2 + (-70 - (21 + -35)) + 8?
-46
9 - (-24 + (-84 - -102))
15
Calculate (-4185 - -4156 - ((0 + -1 - -1) + 1)) + 12.
-18
What is the value of (-139 - -9) + 63 - 8?
-75
What is 216 - 146 - (-2 + 11)?
61
What is the value of 48 + (37 - 47) - (-56 - -1)?
93
What is the value of -18476 + 18452 - ((-64 - 2) + -1)?
43
Calculate -46 - (-8 - (29 - (105 - -6))).
-120
What is the value of -23 + (-2 - (0 + -2 + -13) - 0)?
-10
-2 + (6 - (1 + -1)) - (3 + 36 - -22)
-57
6 + -12 + -36 + (7 - ((-5 - -8) + 10))
-48
Calculate 9 + -62 + 14 + 86.
47
What is (-97 - (-81 - 7)) + (0 - -17) + 2?
10
What is 3448 - 3550 - (0 + 3)?
-105
What is 8 - (5 + -1 + -4 + 0) - (10 + 29)?
-31
Evaluate -10 - (31 - 63) - (-45 - -1).
66
Calculate 39 + -3 + (15 - (3 - (-6 - 4 - -4))).
42
Calculate -39 + -66 - -109 - (0 + -33).
37
What is the value of (-26 + 23 - -13) + 37?
47
What is ((0 - -2) + -4 - 55) + (11 - 133) + 112?
-67
What is (-33 - 10) + (-1 - 0) + -8 + -34 + 35?
-51
What is the value of 129 - (-1229 + 1205 - (0 - 67))?
86
What is the value of (-10 - -15) + (-17 - (8 + -5 - 10)) - 12?
-17
Calculate -36 + 19 - 1 - -25 - ((-1 - -21) + -1).
-12
Evaluate (51 - 47) + -34 + 31.
1
Calculate (1 - ((2 - -3) + -19 + 11)) + (1 - 71).
-66
Evaluate -22 + (-82 + 100 - -85).
81
What is (-34 - (-75 + -14)) + -58 - (-5 - -1)?
1
What is (-4 + 61 - (1 + 0)) + -160 + 184 + -23?
57
What is the value of 1 + -44 + -21 + (6 + -23 - -40)?
-41
Evaluate 13 + (-201 + 182 - (-1 + -22)).
17
Calculate 69 - (15 - (-17 - 5)).
32
What is the value of (4 - (-7 - -2 - 0)) + (5 - 5 - -2)?
11
Evaluate 135 - 41 - 12 - 29.
53
-5 - (2 + -27 - (66 + -92 + (-2 - -14)))
6
-53 + (-39 + 40 - (6 - (2 - 8) - 5))
-59
What is the value of -53 - -75 - (6 + -18 - -115)?
-81
Calculate 134 - 137 - (-3 + 9 + 53).
-62
What is (-21 - -3 - (-17 + (-13 - -17))) + -73?
-78
Calculate (77 - (46 + -9)) + -61.
-21
(18 - (26 + -17 + -5 + -2)) + -6
10
What is ((-4 - -20) + 0 - -3) + -7?
12
Calculate (191 - 7) + -902 + 789.
71
Calculate (-32 - -23 - (-2 - 10)) + -50.
-47
Evaluate (-14 - (-17 - -22)) + 23 - ((-13 - -5) + 26).
-14
What is -134 - (-88 + 33 - 42)?
-37
(14 - (25 + -6)) + 21 + (72 - 1)
87
Evaluate (2 - -76 - 2) + (-19 + (47 - 26) - -6).
84
Evaluate 1 + -53 - (3 + -2 - ((32 - 115) + 97)).
-39
What is the value of (3 - (-2 + -1)) + (-508 - -508)?
6
What is (2 + -19 - 19) + 40?
4
Calculate 336 + -76 - 106 - 107.
47
Evaluate (-2 - (-15 - (-4 - -6))) + 78 + -99.
-6
What is 5 - -65 - (18 + -5) - (28 + -7)?
36
What is the value of 114 - (115 + -186 + 89)?
96
What is 105 - 56 - 59 - 33?
-43
-58 + (136 - (50 + -8))
36
Evaluate 96 + -142 + 63 + 25.
42
Evaluate -5 + (8 - 0 - (262 + -269)) - 80.
-70
Evaluate 65 + (213 - 94) + -60.
124
What is (11 - 18) + -13 + (5 - 15 - (3 + -22))?
-11
-51 - (3 - -4) - (1 - -1 - (-297 + 287))
-70
Calculate -26 + (-4 - -40 - (-13 + 10)) + (40 - 0).
53
Evaluate -12 + (59 - 50 - (3 + 0)) + 26.
20
-7 - (-50 + 51 - 35)
27
Calculate -51 - (12 - (-10 + 29)) - (14 + -21).
-37
What is 1328 + -1304 + 3 + (33 - 3)?
57
What is the value of 15 - (17 + -2 + (-23 - -22)) - -51?
52
Evaluate 25 - ((7 + -1 - 1) + (-9 - (54 + -55))).
28
Evaluate -89 + (-5 + -21 - -59) + -46.
-102
Calculate -225 + (42 - (-141 - -55)).
-97
Evaluate -5 + (6 - (-1 + -9 - -18)) - (1 + -11).
3
What is -4 - -91 - (-1783 + 1852)?
18
What is the value of -1 + -14 + -1 + (-4782 - -4805)?
7
What is (14 + (-55 - -26) - -102) + -29?
58
1 + 16 + (-167 - -185) + 24
59
Evaluate 23 + (84 - 235 - -127 - (-137 - 1)).
137
What is the value of 0 + -14 + 0 - ((39 - 46) + 15)?
-22
What is (74 - (-96 + 129)) + 57?
98
2273 - 2211 - (3 + -4 + -2 + 4 + -6)
67
What is -9 + 29 + -10 + 27 + -31?
6
Evaluate 207 + -217 + (3 - (-2 - -7)) + 75.
63
((-30 - 102) + -27 - (-25 + 15)) + 21
-128
(-2 - 1) + (-51 - -53) + 0
-1
What is the value of -5 - 41 - (2082 + -2181)?
53
-1 + -62 + (68 - (70 + -25))
-40
Calculate (-86 + 253 - 45) + -43.
79
What is -32 + (-17 + (-8 - -30) - (-5 - 2))?
-20
What is the value of 125 - ((33 - 108) + 99)?
101
125 - -48 - 134 - 110
-71
Calculate -18 + (18 - 9) - (33 + (3 - 7)).
-38
What is the value of 40 + -30 + 15 + -5 - -66?
86
Calculate -197 + 227 - (45 + -55 + 1 + 0 + 4).
35
What is (42 - 13) + -9 - 48?
-28
What is the value of -126 + 34 + 41 + -35?
-86
What is -22 + (-16 + 29 - 2) - ((10 - 6) + -19)?
4
What is the value of 11 - ((656 - 620) + -11 + 1 + -1)?
-14
Calculate -36 + 4 - (1 + 16 - (-20 - (-17 - 5))).
-47
Evaluate 61 + (-65 - (48 - 42)).
-10
1 + -52 + -158 + 91
-118
(3 - 43) + (-1509 - -1506)
-43
Calculate (4 - 21) + -1 - (-1577 - -1639).
-80
Evaluate -74 + (4 + -22 + 14 - (6 - (-10 - -9))).
-85
What is the value of -32 - (43 + -20 + -25) - 22?
-52
-124 + 3 + 3 + 30 + -1 + -30 + 12
-107
(13 - (18 + -8)) + (0 - 17) + (706 - 792)
-100
-53 - (-3 + -15) - (-9 + -2 + 1) - -10
-15
What is (-1 - -2 - (4 + 6)) + (-5 - (25 + -37))?
-2
Evaluate -8 + (-3 - -21 - -1 - -28).
39
Evaluate 12 - 42 - -16 - -94.
80
16 - ((11 - -1) + 1 - (-766 - -769))
6
What is 1 - (5 + -2 + -12 + -25 + 3)?
32
What is the value of -2 + -1 + (-76 - -58 - (1 - 15)) - 106?
-113
31 + -4 + -2 - (-19 - (-55 + 25))
14
What is the value of 17 - (8 - 5) - (5 + 11 - 58)?
56
Calculate 66 - ((80 - 48) + 0).
34
What is (103 - 112) + (-2 - 9) - 32?
-52
-1 + -22 - (-8 + -2 + -3 + -1)
-9
What is 3 + (-31 + 10 + 1 + 10 - (-3 - 76))?
72
Evaluate 47 - (48 + 48 + -30).
-19
Calculate 12 - (142 + -25 - 174).
69
What is (5 + 1 + 1 + (-8 - -9) - 1) + -5?
2
What is the value of (1 - (-53 + (-2 - 0))) + -415 + 405?
46
Evaluate -1 + -13 + (-13 - (10 + 1 + -45)) + -13.
-6
What is 2976 - 3052 - (-2 - 25)?
-49
Evaluate (-6 - 0) + -45 + (-134 - -118) + (15 - 2).
-54
What is -2 + 0 + (0 - -1) - ((36 - 44) + 59)?
-52
Calculate -166 + 237 + -2 + -12 + -5.
52
Evaluate 3 - (26 - 27) - -3 - (79 + 0).
-72
-54 + 27 + (4 - (-14 - -9)) + 1
-17
-93 - -6 - (3 - 0 - (39 + (-16 - 12)))
-79
22 - 0 - (51 + (-48 - -22))
-3
Evaluate (-20 - -34) + -71 + (-1 - (-1 - (7 + 4))).
-46
What is the value of 77 + 15 + -67 + -2 + 0 + 2?
25
(2 - -1) + 34 + 1 + (6545 - 6540)
43
What is (-9 - -7) + (22 - 4 - (-64 + 58))?
22
Calculate -22 + -28 + 118 - 13.
55
What is the value of 13 + -22 + -7 + 9 - ((-66 - -3) + 3)?
53
Evaluate -42 + (-12 - -23 - 15) + 4 + 13.
-29
Evaluate (-2 + 17 + 1 - 3) + 47 + -57 + 1.
4
(-21 - (-16 - -17)) + 36 + 71
85
(20 - (149 - 19)) + 9 + 3 + 1
-97
4 - (-127 - (-558 + 544 + (18 - 1)))
134
Evaluate (-17 - -16) + (-9 - 1) + 76 + -73.
-8
What is the value of 131 - 40 - 11 - 6?
74
Evaluate 8 - (-103 + 49 + 0 + -35).
97
(131 - 5) + (1 + -23 - (15 + -6 - 20))
115
What is -909 + 980 - (71 - 2)?
2
Calculate 2 + -11 - (10 + (4 - 71) + 10 - -5).
33
What is the value of (28 - (1 - -4)) + -208 + 214?
29
Evaluate 4 + -3 - (-59 + (4 - 7) + (11 - 4)).
56
Evaluate -41 - ((27 - (24 + -18)) + -12).
-50
What is the value of 58 - (-29 - -118 - 44) - (4 + -2)?
11
What is the value of -11 + (120 - (20 + -21 + 3 + -7))?
114
(-40 + 34 - -92) + -116
-30
What is the value of -24 + -10 + 35 + -31 + 7?
-23
What is the value of (79 - (-3 + 16)) + -11 - (21 - 12)?
46
Calculate -48 + (21 + -1 - 5 - (31 + -21)).
-43
Evaluate -9 - (8 + -10 + -10 - ((4 - 45) + 3)).
-35
Evaluate 8 - (28 + 4 + 116 + -117).
-23
What is the value of (56 - ((-18 - -17) + 9 + -9)) + (4 - 2)?
59
What is (1 - 28) + 4 + (-14 + 8 - 12)?
-41
Evaluate 39 + 0 + 3 - (55 + -33).
20
-2 - (-6 + 2 + 97 - -19)
-114
What is 66 + -61 + (-8 - 10)?
-13
Evaluate -2 + 0 + 178 + -179 - (-3 - (7 - -44)).
51
What is the value of -20 + (39 - (9 - -15)) + -41?
-46
What is -30 - (63 + -35) - -24?
-34
What is 0 + 0 + (68 - 105)?
-37
Calculate -1 + -19 + 38 + (-2 - 16).
0
Calculate -138 - (-23 + -38 - 87).
10
13 - (20 + (7 - 7)) - (-18 - -144)
-133
What is the value of -9 - (-23 - -60 - 22)?
-24
What is the value of (-79 - (-79 - -37)) + -42?
-79
What is 8 + 1 - (-24 + (19 - -7)) - -12?
19
What is 4 + -42 + 201 + -20 + -10 + 1?
134
Evaluate (5 - 10 - 18) + 23 - -18.
18
What is -78 - (-100 - -60) - 34?
-7